2*2/(-8)*(-54)/(-9). Suppose m*k + 4*l - 889 = 0, 0 = -3*k + 8*k + 2*l - 1463. What is the hundreds digit of k?
2
Suppose -527266 = -60*y + 351374. What is the tens digit of y?
4
Suppose -19 = 4*m - 19. Suppose 5*h - 15 = m, -h = -2*y + 2480 - 689. What is the hundreds digit of y?
8
Let y be (468/81)/(2/9). Suppose -y*l = -13*l - 11505. What is the units digit of l?
5
Suppose -4*d = 1 - 9. Suppose -2*v - d*w = 3*w - 19, -5 = -5*w. What is the tens digit of 28/3*(-1 + v)?
5
Let h(s) = s**2 + 10*s - 7. Let i be h(-11). Suppose -5*p + 863 = 4*q, i*q - 898 = 17*p - 15*p. What is the units digit of q?
2
Let a = -49824 - -96983. What is the thousands digit of a?
7
Let s(z) = -21*z + 38. Let f be ((-63)/(-45))/((-2)/(-10)). Let b(h) = 7*h - 13. Let v(q) = f*b(q) + 2*s(q). What is the tens digit of v(9)?
4
Suppose 3*t = 3*u + 131 - 50, 2 = -u. What is the tens digit of (1 + (-70)/t)/((-2)/370)?
3
Let u = 45797 + -29524. What is the hundreds digit of u?
2
Suppose 0 = -150*n + 143*n + 7987. Let l = n - 646. What is the hundreds digit of l?
4
Suppose 15*x - 56 = 79. Let y(a) = 3*a**3 - 6*a**2 + 11*a + 15. What is the units digit of y(x)?
5
Let k = -5585 + 3251. Let p = 3626 + k. What is the hundreds digit of p?
2
Let q(t) = 51*t**2 + 15*t + 72. What is the tens digit of q(11)?
0
Let b(j) be the first derivative of -j**4/4 + 7*j**3/3 - 3*j**2/2 - 7*j + 305. Let w = 0 - -6. What is the units digit of b(w)?
1
Let y(i) = 84*i**2 + 207*i + 4812. What is the thousands digit of y(-23)?
4
Let r = 112834 + -66672. What is the hundreds digit of r?
1
What is the thousands digit of (-11)/132*-3676*18?
5
Suppose -13*u + 199848 - 19447 = 0. What is the units digit of u?
7
Suppose v + 5*v = 204. Let m = 40 - v. Suppose a = m + 43. What is the units digit of a?
9
Let i be (-121 - -123) + (0 - 395). Let k = i + 1059. What is the units digit of k?
6
Suppose -3*n + 4*n = -4. Let q be (-105)/6 + 2/n. What is the tens digit of 90 - 6*(-3)/q*3?
8
Let h(a) = -a**3 + 9*a**2 + 13*a - 22. Let x be h(10). What is the tens digit of 3762/x + 2/(-8)?
7
Let g(z) = 3*z**2 + 8*z - 19. Suppose -b - 8 = -13. Suppose p = -0*p + b. What is the tens digit of g(p)?
9
Let q(f) = 2*f**3 - 34*f**2 - 39*f - 57. What is the thousands digit of q(33)?
3
Suppose 2*x + 0*x = 3*d - 10, d - x = 5. Let q be ((-7)/14)/(1/(-1))*d. What is the units digit of (-175)/(-6 + 1) + (-2 - q)?
3
Let u(j) = -j**3 - 4*j**2 + 11*j - 1. Let q be u(-6). Suppose y + 3*y - 539 = -5*t, -q*y = -2*t + 242. Suppose -t = -4*k + 501. What is the hundreds digit of k?
1
Let t(k) = -k - 95. Let o(i) = i + 96. Let m(q) = 5*o(q) + 4*t(q). What is the hundreds digit of m(0)?
1
Suppose -57*p + 239307 + 1388328 = 0. What is the hundreds digit of p?
5
Suppose 231 = 3*z - 4*g, 3*z - 5*g - 309 = -z. Suppose u - 58 = 3*p, 2*p + 248 + z = 5*u. What is the units digit of u?
7
Let f be -3*(-12)/9*12/(-48). What is the units digit of ((-72)/(-6))/(1 - f)?
6
What is the tens digit of ((-16)/24)/((-2)/(-3580)*6/(-9))?
9
Let x = 249 + -212. Let v = -23 + x. What is the tens digit of v?
1
Suppose -69*i + 234519 + 314659 = -40013. What is the hundreds digit of i?
5
What is the tens digit of (-7339)/(-5) - (-70)/350?
6
Let d(u) = 247*u**2 - 6*u - 5. Let c be (-9 - -6) + 4 + 1. Suppose 3*x = -3*s + 6*x + 9, -c*x - 13 = 5*s. What is the hundreds digit of d(s)?
2
Suppose 5*q + 183 - 218 = 0. Let f(y) = y + 23. What is the units digit of f(q)?
0
Let p = 59381 + -42369. What is the units digit of p?
2
Suppose 4*c + 29 = 3*j - 0*c, -2*j = 5*c + 19. Suppose -2397 = -j*n - w, 5*w - 1442 + 3821 = 3*n. What is the hundreds digit of n?
7
What is the hundreds digit of 13876*((-51)/12 + 4)*4/(-1)?
8
Let s(d) = -2*d**2 - d + 1. Let x = 88 - 92. Let p(z) = -z**3 + 3*z**2 + z - 1. Let v(k) = x*p(k) - 5*s(k). What is the units digit of v(1)?
2
What is the tens digit of 19/((-57)/(-12672)) + -5?
1
Suppose -3*p = -m - 969, 3*m - 175 - 471 = -2*p. What is the tens digit of p + 3 + 1 + -1?
2
Let t be (-288040)/68 - (-4)/(-34). What is the thousands digit of (8/24)/((-1)/t)?
1
Let q be 12/(-22) + (-144)/99 + 3. What is the units digit of ((-4)/(-18))/q - 207648/(-162)?
2
Let o(w) = -24*w + 52. Let t be o(-5). Suppose -v + 168 = -t. What is the tens digit of v?
4
What is the hundreds digit of (-745)/(-40) - 19 - (-49686)/16?
1
Suppose 4*g = -g - 5*n + 37925, -4*n = 2*g - 15172. What is the thousands digit of g?
7
Suppose -4*g + 68 = -2*q, 34 = 39*g - 37*g + 3*q. Let j(x) = 59*x - 60. What is the units digit of j(g)?
3
Let d(f) = f**3 + 3*f**2 - 6*f - 6. Let v be d(-4). Let x be (-1184)/((-3)/(-6)*v). What is the units digit of 9/(-6)*x/12?
8
Suppose -3*s = 2*w - 2*s - 93, -3*s - 43 = -w. Suppose 2*t + j - w = 0, 11 = 4*j - 5. What is the tens digit of t?
2
Suppose 3*c - 9*m - 101260 = -4*m, 3*c + 2*m - 101246 = 0. What is the ten thousands digit of c?
3
Let f(v) = -v**3 - 3*v**2 + 26*v - 10. Let i be f(-7). Suppose -6*c = i*c - 1930. What is the hundreds digit of c?
1
Suppose 0 = 14741*a - 14795*a + 3096414. What is the hundreds digit of a?
3
Let s(p) = 21*p - 2. Let r be ((-14)/(-8) - 2) + 146/8. Let u be s(r). Suppose 0 = l + 3*l - u. What is the tens digit of l?
9
Let c(l) = 8*l + 97*l - 21*l + 23*l + 41. What is the hundreds digit of c(4)?
4
Let r = -15 - -50. Suppose r*t - 4 = 33*t. Suppose 0 = -4*m - 0*m + 12, -252 = -3*y - t*m. What is the units digit of y?
2
Suppose -4013 = -2*z + 3*f, 30*z - 26*z - f = 7981. What is the units digit of z?
3
Let n = 43 + -33. Suppose 0 = -4*o + 2 - n. What is the units digit of 20/(o/15*-5)?
0
Suppose -9285 = -5*v - 41*t + 44*t, -v + 5*t = -1879. What is the tens digit of v?
5
Let m = 264 - 262. Suppose -3*d - r = -2821, 0 = m*d - 2*r + 3*r - 1880. What is the hundreds digit of d?
9
Suppose -4*g = -4*q - 9792, -3*g = -q - 3*q - 7347. Suppose 0 = -9*h + 14*h - g. What is the hundreds digit of h?
4
Suppose -183 = -5*t - 3*s, -6*t + 5*s + 175 = -t. Let a be 6*8*3/(-9). Let v = a + t. What is the units digit of v?
0
Suppose 0 = -29*c + 42421 + 265849. What is the tens digit of c?
3
Suppose 3*f + 237992 = 145*f. What is the thousands digit of f?
1
Let m(v) = -16*v**3 + 4*v**2 + 4*v - 300. What is the tens digit of m(-11)?
3
Let r be 5/20 - 9667/28. What is the hundreds digit of (432/(-5))/(46/r)?
6
Let j = 777 + -778. What is the units digit of (-1 - 1)*-461 - (-5 - j)?
6
Let d(y) = -8*y**3 + 21*y**2 + 8*y - 43. What is the thousands digit of d(-9)?
7
Let b be (-14964)/(-42) + (-8)/28. Suppose -3*q + 38 = -3*g + 248, -3*q - b = -5*g. What is the tens digit of g?
7
Let l be -1*(2 + -2)*-1. Suppose -33*b + 14*b + 5757 = l. What is the tens digit of b?
0
Let y be 138/42 + (4/7)/(-2). Suppose -2*r = y*b - 6 + 2, -b + 3 = r. Suppose -r*j = -t - 2*t - 525, -3*j = 2*t - 315. What is the hundreds digit of j?
1
Suppose 8 = 7*w + w. Let x be (w*(-164)/(-6))/((-4)/(-24)). Suppose -b - x = -5*b. What is the tens digit of b?
4
Suppose -4*q + 875 + 313 = 0. Let h = q + 86. What is the units digit of h?
3
Let l be 12 + (0 + -1 - 1)/(-1). Suppose 2*i + 641 = 5*k, -2*i = 4*k - 7*i - 506. Let f = l + k. What is the tens digit of f?
4
Let p(w) be the third derivative of 13*w**5/30 + w**4/6 + w**3 + 31*w**2. Suppose 3*y + 19 = -4*f - f, y = 4*f + 5. What is the units digit of p(f)?
2
Let n(u) = 384*u**2 - 129*u + 641. What is the thousands digit of n(5)?
9
Let t = 22047 + 7592. What is the tens digit of t?
3
Let q(g) = 270*g**2 + 1255*g + 2510. Let v be q(-2). Let k be 14/(-16)*2*-4. Suppose -2*w = k*w - v. What is the units digit of w?
0
Let g(c) = c**3 + 16*c**2 + 16*c + 10. Let s be g(-14). Suppose 0 = -176*b + s*b - 384. What is the tens digit of b?
9
Let c(s) = s**2 - 6*s - 34. Let o(h) = -47*h**3 + h. Let z be o(-1). Let x = 62 - z. What is the tens digit of c(x)?
2
Suppose -24 = 5*z + 2*l + 1, 0 = -3*z + l - 26. What is the units digit of (z/(-14))/(8/992)?
2
Suppose 6*z - 19*z = -3172. Let u = 476 - z. What is the units digit of u?
2
Let c(d) = -8*d**3 - 36*d**2 - 85*d + 21. What is the units digit of c(-15)?
6
Let l(a) be the third derivative of -a**5/60 + 25*a**4/12 - 34*a**3/3 + 3*a**2 + 3. What is the tens digit of l(26)?
5
Let j(a) = 2*a - 10. Let f(x) = 3*x - 19. Let u(q) = 4*f(q) - 7*j(q). Let o be u(0). What is the tens digit of 150/12